e factors of p.
37
Suppose 10*k - 12312 = -1032. List the prime factors of k.
2, 3, 47
Let s(q) = -9*q + 61 + q - 62. What are the prime factors of s(-6)?
47
Suppose a - 4*g = 1146, 5*g = a + 4*a - 5685. Suppose 2*c - a = -5*c. List the prime factors of c.
2, 3
Suppose -3*f + 7*l - 16 = 2*l, -5*f + 2*l = -5. Let m be (2 + -8)*(-1)/f. List the prime factors of 3*m/(-6) + 3.
2
Let o(p) = -2406*p**3 + 4*p**2 - 2. What are the prime factors of o(-1)?
2, 7, 43
Let y be (-3)/2*(-3)/9*10. Let m be 1*(-2)/((-2)/183). Suppose 0 = -y*f + 4*c + 281, -4*f + m + 42 = -3*c. What are the prime factors of f?
3, 19
Suppose -5*u + 3*d + 9335 = 0, u - 1839 = -8*d + 3*d. List the prime factors of u.
2, 233
Suppose -7*m - 45 = -12*m. Let l be (6/2)/(m/15). Suppose v - 19 = 5*h, -h + l*h - 211 = -5*v. List the prime factors of v.
3, 13
Let q = -2 + 5. Suppose -m + 30 = m + 4*h, q*m - 5 = 2*h. Let z(o) = 4*o + 3. List the prime factors of z(m).
23
Suppose -5*a = -4*j - 37, a = -2*a + 15. List the prime factors of (-2)/(-1) + (j - -196).
3, 5, 13
Let u(j) = 29*j - 108. What are the prime factors of u(6)?
2, 3, 11
Let k be 1/1 - (-18 - -1). Suppose -o + n = -3, -2*o + 4*n + 6 = 2. Let g = k - o. List the prime factors of g.
2, 7
Suppose -2*x - 52 = -n, 0 = x - 4*x - 5*n - 78. Let d = 37 - x. What are the prime factors of d?
3, 7
Suppose -s - 1119 - 230 = -3*w, 4*s - 441 = -w. What are the prime factors of w?
449
Suppose 13 = q + 4*y, -2*y + 12 = -q + 1. Let p be (-9)/q + (-10)/(-1). Suppose 0 = w + 2*u - p, 0*w + u = 2*w - 41. What are the prime factors of w?
19
Let i = 2987 + -1243. List the prime factors of i.
2, 109
Let b(d) = -3*d + 85. Let t be b(0). Suppose 3*u + t - 19 = 2*k, -u = -k + 31. Suppose k - 98 = -l. What are the prime factors of l?
71
Suppose 4*f + 4*y - 227 - 93 = 0, 0 = 4*f - 3*y - 299. What are the prime factors of (-2 + f - -3) + 5?
83
Let g(h) = h**3 + 4*h**2 - 6*h + 2. List the prime factors of g(4).
2, 53
Let f(n) = n**2 + 15*n + 15. Let l be f(-15). Let j be (-3)/(-9) - l/(-9). Suppose 13 + 45 = j*r - 3*m, -4*m + 168 = 5*r. List the prime factors of r.
2
Let i(p) = 24*p**3 - 35*p**2 - 9*p + 5. List the prime factors of i(6).
5, 31
Let u(z) = -27*z**3 + z**2 - z - 1. Let h(j) = -j**2 - 14*j - 1. Let i be h(-13). Let n be i/(-8) - (-1)/2. What are the prime factors of u(n)?
2, 7
Let p(g) = g. Let d be p(-6). Let t(s) = -s**3 - 5*s**2 + 2*s - 4. Let y be t(d). Suppose 2*w + 0*w = y. What are the prime factors of w?
2, 5
Suppose n = 4*n - 375. Let q = n - 64. Let u = -39 + q. What are the prime factors of u?
2, 11
Let h(m) = 2*m. Let u be h(5). Suppose -61 = -u*d + 699. List the prime factors of d.
2, 19
Let y = 1610 - 72. List the prime factors of y.
2, 769
Let b(h) = 18*h**2 - 20*h + 118. List the prime factors of b(6).
2, 17, 19
Suppose 6*t + 2*y + 1136 = 8*t, 4*y = -2*t + 1136. What are the prime factors of t?
2, 71
Suppose -5*o + 5*w + 40 = 0, -3*o - 3*w + 2 = -34. Let d be ((-25)/10)/(o/(-24)). Suppose -d*x = -11 - 55. What are the prime factors of x?
11
Let j = 75 + -110. Let q = 70 + j. List the prime factors of q.
5, 7
Suppose 441 - 99 = 6*x. What are the prime factors of x?
3, 19
Let h(j) = 67*j + 60. List the prime factors of h(4).
2, 41
Let u = 5 + 4. Let d = u - -20. List the prime factors of d.
29
Let z be 2/(-3 + -3 + 4). List the prime factors of 28 - 4/(-1 + z).
2, 3, 5
Let j(g) = g + 9. Let c be j(-7). Suppose -30 = -5*w - 5*x, w = 4*x - c*x. Suppose l = -w*b - b + 53, -4*l - 41 = -3*b. List the prime factors of b.
11
Let i(x) = 3*x**2 + 27*x - 46. List the prime factors of i(-21).
2, 5, 71
Let g = 90 + -30. Let d = -30 + g. What are the prime factors of d?
2, 3, 5
Let f(j) = j**3 + 20*j**2 + 35*j - 34. What are the prime factors of f(-16)?
2, 5, 43
Suppose -4*g + 3*g = -15. Let j be (-2 + -3)/(g/(-6)). What are the prime factors of ((-33)/(-2))/(1/j)?
3, 11
Let d(f) = 4*f**2 + f - 1. Let x be d(1). Suppose 52 = 3*s + a, -x*a - a + 84 = 4*s. List the prime factors of s.
2
Let h(s) = 287*s - 70. List the prime factors of h(8).
2, 3, 7, 53
Suppose 2*k + 0*l - 40 = -2*l, -3*l = 5*k - 90. Suppose -14*t - 49 = -k*t. List the prime factors of t.
7
Let h(t) = -t**3 + 20*t**2 - 30*t + 3. What are the prime factors of h(16)?
547
Suppose 117 - 757 = 10*k. Let g = -8 - k. List the prime factors of g.
2, 7
Let q = 137 - -232. What are the prime factors of q?
3, 41
Suppose 5*f + 32 + 34 = 4*x, -5*x + 2*f = -91. What are the prime factors of x?
19
What are the prime factors of (-2)/(1*(-14)/7329)?
3, 349
Let l(s) = 10*s + 2*s**2 - 2*s - 115 + 109. What are the prime factors of l(-7)?
2, 3
Let a = 188 - 355. Let c = a + 112. Let t = -33 - c. What are the prime factors of t?
2, 11
Let a(q) = 7*q**3 + 3*q**2 - 14*q - 16. List the prime factors of a(5).
2, 3
Let z(a) = a**3 - a**2 - a + 2. Let t be z(0). Let p = 44 + 1. Suppose 0 = t*g - p + 11. What are the prime factors of g?
17
Suppose -5*s + 4585 = -5*j, -3*s + 15*j - 18*j = -2745. List the prime factors of s.
2, 229
Let o = -1033 + 2846. What are the prime factors of o?
7, 37
What are the prime factors of 13/(-9*(-9)/3240)?
2, 5, 13
Let b(a) = 4*a + 132. Let z be b(0). Suppose z = 3*y + 2*k, -2*y + 0*k = 3*k - 83. What are the prime factors of y?
2, 23
List the prime factors of 25/175 - (-3428)/14.
5, 7
Let d(n) = -n**3 + 7*n**2 + 9*n - 1. Let c be d(8). Suppose -c - 1 = -4*v. Suppose 5*i - q + 2*q = 150, v*q + 90 = 3*i. What are the prime factors of i?
2, 3, 5
Let f = 42 - -76. Let p = f - 3. List the prime factors of p.
5, 23
Let k = 4389 - 1753. List the prime factors of k.
2, 659
Let s = -2 - -174. List the prime factors of s + -6 + -2 + -1 + -1.
2, 3
Let z(f) = 124*f**2 + 15*f - 9. What are the prime factors of z(4)?
5, 11, 37
Let o(k) = 487*k - 32. What are the prime factors of o(3)?
1429
Let s = 31 + -21. Suppose -3*k + s - 4 = 0. Suppose 5*v + 34 = r, -r + k*v - 8 = -3*r. What are the prime factors of r?
3
Suppose -3465 = 21*f - 10332. List the prime factors of f.
3, 109
Let s(y) = 8*y**2 - 1. Suppose 0 = 3*r - 6. Let i = 1 - r. List the prime factors of s(i).
7
Suppose 2*l - 786 = 4*k, 319 + 75 = l - k. Let t = -203 + l. What are the prime factors of t?
2, 3
Let c(a) = 35*a**2 + 39*a - 285. What are the prime factors of c(8)?
2267
Suppose -5*r - 360 = -1865. Let i = 24 - r. What are the prime factors of (-9 - i)*1/4?
67
List the prime factors of -1*(1 - -3)*669/(-12).
223
Suppose -49*a + 1530 = -40*a. List the prime factors of a.
2, 5, 17
Suppose x = 2*x + 6. What are the prime factors of (-933)/(-6) - (-9)/x?
2, 7, 11
List the prime factors of 1*9*((25 - 3) + -5).
3, 17
Let d(p) = 1. Let m(l) = 4*l - 4. Let j(q) = 3*d(q) - m(q). What are the prime factors of j(0)?
7
Suppose -2*d + 305 = -2*q - 93, -2*d + 408 = -4*q. List the prime factors of d.
2, 97
Let c(g) = 10 - 10 - 10*g - 11 - 4. What are the prime factors of c(-10)?
5, 17
Let u(r) = -3 + 14*r**3 - 5*r + 7*r + 1 - r + r**2. List the prime factors of u(2).
2, 29
Suppose -v = -1, -3*l = -l + 5*v - 1369. List the prime factors of l.
2, 11, 31
List the prime factors of ((-8)/(-3))/(136/193086).
2, 3, 631
Suppose 4*o = -0*o. Let q be 4/8*o/(-1). Let g(v) = -v + 5. List the prime factors of g(q).
5
Suppose 0 = 1337*b - 1328*b - 17352. What are the prime factors of b?
2, 241
List the prime factors of ((23928/8)/(-1))/(-3).
997
Suppose -y + 2 = -0. Suppose -4*m + 4*z + 44 = 0, -2*m = -y*z + z - 21. List the prime factors of (-2)/m - (-363)/15.
2, 3
Let r(m) = -2*m**2 + 20. Let j be r(4). Let x = j - -31. List the prime factors of x.
19
Suppose -5*p - 4*b = -10, 0 = -p - 0*p - b + 2. Suppose -5*j + 10 = 0, -79 + p = -5*w - j. List the prime factors of w.
3, 5
Suppose -8*d - 162 = d. Let j = d - -20. Suppose -2*w + 41 = c, -45 = -c - 0*w + j*w. List the prime factors of c.
43
Suppose 0 = -h + 2*h - 64. Suppose -132 - h = -l. What are the prime factors of l?
2, 7
Let o be 4 - (-6)/(-9)*-9. Suppose -o*x = -15*x + 435. What are the prime factors of x?
3, 29
What are the prime factors of (-28975)/(-35) - ((-12)/14)/6?
2, 3, 23
Let p be ((-64)/(-6))/(3/207). Suppose -u = -5*i + p, -4*u = -i + 124 + 27. Suppose -v + 38 = -0*y - y, 5*y = 4*v - i. What are the prime factors of v?
43
Let j(a) = 2*a. Let r(x) = 3*x - 1. Let n(p) = -5*j(p) +